pose 4*a - k = -a + c, a = k + 28. Calculate the greatest common divisor of a and 3.
3
Suppose 5*y + 3*t = -2*t + 860, -y - 4*t = -172. What is the greatest common factor of 16 and y?
4
Let r = 13562 + -8266. What is the highest common divisor of 8 and r?
8
Let f = 7231 - 7202. What is the highest common divisor of f and 13079?
29
Suppose -4*h + 21*h - 2992 = 0. Let w be 1*4 + (-7 - -3). Let s(i) = i**3 + 16. Let j be s(w). What is the greatest common factor of j and h?
16
Let s(h) = 7*h**2 + 35*h + 208. Let r(p) = -4*p**2 - 17*p - 104. Let m(d) = 5*r(d) + 3*s(d). Let w be m(-22). What is the greatest common factor of 37 and w?
37
Let u = -2916 - -2929. Calculate the highest common factor of u and 3328.
13
Let m(t) = 9*t**2 - 41*t + 113. Let y be m(10). Calculate the greatest common divisor of y and 9.
9
Let j(f) = 4*f + 12*f - 8*f + 6*f - 18. Let a be j(2). What is the highest common divisor of a and 80?
10
Let h be (-728)/10 - (-36)/45. Let a = -12 - h. What is the greatest common factor of a and 12?
12
Let q be -321*(-2)/(10 + -4). Suppose -1 = -2*w + q. What is the greatest common divisor of 189 and w?
27
Let b(z) = 196*z**2 + 146*z + 1262. Let q be b(-10). What is the highest common factor of q and 436?
218
Let j = 7853 + -7112. What is the greatest common factor of j and 513?
57
Let q = 133 + -131. Let p be (-2)/(-14) - (-2560)/14. Suppose q*b + 23 = p. Calculate the greatest common factor of b and 32.
16
Let c = -818 + 1225. Let m = c - 397. Calculate the highest common factor of 470 and m.
10
Let r be ((-12)/(3 - 27))/((-1)/(-3602)). Suppose 8*l + r - 6217 = 0. What is the highest common factor of 23 and l?
23
Let h = -473 + 517. Let m = 114 - h. Calculate the highest common divisor of m and 126.
14
Let i = -18371 - -20476. What is the highest common divisor of 20 and i?
5
Let h be 3/(-2)*(-624)/(-36). Let a = h - -35. Calculate the greatest common factor of 63 and a.
9
Suppose 5*y - r + 4*r = 314, -5*r - 10 = 0. Let w be 16/72 + -61*y/(-9). What is the greatest common divisor of w and 14?
14
Let r(y) = -4*y**2 + 9*y + 38. Let s be r(0). Calculate the greatest common divisor of s and 9234.
38
Suppose 16*y = 9*y - 20*y + 35532. Calculate the greatest common factor of 28 and y.
28
Suppose -12*h + 7*h + 10 = 0. Suppose 0 = 3*k - 4*o - 264, -1 = -h*o + 5. Suppose k + 28 = 8*n. Calculate the highest common factor of n and 5.
5
Suppose 0 = w + u - 155 - 5, -4*u - 640 = -4*w. Let t be (2584/7)/(-2) - 33/77. Let i = 205 + t. What is the highest common divisor of w and i?
20
Let f(h) = 33*h - 3. Let u be f(6). Let m = u + -12. What is the highest common factor of 3 and m?
3
Let p(r) = 33*r**2 - 2*r + 2. Let q be p(2). Suppose -7*b = -297 - q. What is the highest common factor of b and 244?
61
Suppose -35*z - 9084 = -36*z - 5*x, 4*x = -16. What is the greatest common factor of z and 48?
16
Let r(o) = -42*o + 22. Let l be r(5). Let v = l + 96. Let i = 99 + v. Calculate the highest common divisor of i and 49.
7
Let y be (-16)/76*-9 + 12/114. Suppose -3*f + y*r - 46 = -198, 2*r + 98 = 2*f. Calculate the greatest common divisor of f and 2.
2
Let r be 0 - (24/(-32) - 9/4). Suppose r = -u + 23. What is the highest common factor of u and 140?
20
Let c = -1261 + 1293. Calculate the greatest common factor of c and 688.
16
Let p be (1 - (4 - 1)) + 5 + 1. Let l(y) = -y**2 + 5*y - 4. Let v be l(p). Suppose 10*m - 6*m - 256 = v. Calculate the highest common divisor of m and 48.
16
Let n = -154 - -226. Let x be -5 + 6/n*284*3. What is the highest common factor of 12 and x?
6
Suppose -a - 10 + 2 = -s, -5*s - 5*a = -60. Suppose -s*x = -217 - 263. Calculate the highest common divisor of x and 32.
16
Let t be ((4104/133)/18)/(3/(2 + 187)). Calculate the highest common factor of 17442 and t.
54
Let k be ((-49)/(-14))/(-1)*(-20)/7. Suppose -k*b - 117 = -2817. What is the highest common divisor of 10 and b?
10
Let k(w) = -w**2 - 42*w + 80. Suppose 440*d - 441*d - 42 = 0. Let x be k(d). What is the highest common factor of x and 60?
20
Suppose 0 = 7*v - 12*v - 4*i + 11796, -4*i + 9436 = 4*v. Calculate the greatest common divisor of v and 20.
20
Suppose 185*g + 177*g - 324 = 359*g. Calculate the highest common factor of g and 1284.
12
Suppose 0 = 121*b - 124*b - 5*i + 1129, 0 = -3*i + 15. What is the highest common factor of 8648 and b?
184
Let a = 2721 - 2201. Calculate the highest common divisor of 460 and a.
20
Suppose -p = -5*u + 12158, -5*u + 70*p + 12166 = 68*p. Calculate the greatest common divisor of 30 and u.
30
Suppose 0 = 78*f - 4305 - 10905. Let w(z) = -42*z - 6. Let j be w(-2). Calculate the highest common factor of j and f.
39
Let f(k) = -3*k**2 + 1 - k**3 - 2 + 2 - 6 - 5*k. Let u be f(-3). Suppose -4*p - 4 = 2*a, 3*p + u = p. What is the greatest common factor of 40 and a?
8
Suppose -5*s - 25822 = -6*s - f, -9*s + 4*f = -232281. Calculate the highest common factor of s and 622.
311
Let u = 120 - 122. Let k be u/((-2)/((-40)/(-5))). Calculate the highest common divisor of 64 and k.
8
Let z(r) = r - 3. Let u be z(4). Suppose 1056 = 22*a + 44*a. Calculate the greatest common factor of a and u.
1
Let a be (2 + 4 + -52)*(-23)/(-2). Let n = a - -989. Calculate the highest common factor of n and 46.
46
Let y = -96 + 128. Let a = 7 + -5. Suppose a*z - 371 - 333 = 0. Calculate the highest common factor of z and y.
32
Suppose 5*t + 275 = 3*o, -65 = -2*o + 5*t + 115. Suppose 0*g - 170 = -4*j + 2*g, -3*j + o = 5*g. What is the highest common divisor of 240 and j?
40
Let c be -2 + (3 - -1) - -31*2. Suppose -c = -2*j + 26. Suppose -j - 55 = -5*a. What is the greatest common divisor of a and 220?
20
Suppose -3*z + 24*o - 29*o = 1363, -z = 4*o + 445. Let y = 648 + z. Suppose 5*u = 4*b + 11 + 78, -u - 5*b = -12. What is the highest common divisor of y and u?
17
Let m be (8 - (4 - -2) - 7) + (-4 - -17). Calculate the greatest common divisor of m and 4.
4
Suppose 29*p - 156 = -49*p. What is the highest common factor of 178 and p?
2
Let h(b) = 3*b**2 - 27. Let s be h(-10). What is the greatest common factor of s and 728?
91
Suppose 4*w - 6172 - 1454 = -2*t, 9549 = 5*w - 3*t. What is the greatest common factor of w and 144?
36
Let z be (-4 + (-9)/18 + 3)/(2/(-14196)). What is the highest common divisor of z and 338?
169
Let c = -74 - -74. Suppose -84*o + 82*o + 60 = c. Calculate the highest common factor of o and 420.
30
Suppose -7*r = -95 - 353. Suppose -12*g = -16*g + r. Calculate the greatest common factor of g and 2.
2
Suppose -3*d = -5*g - 483, -5*d - g - 353 = -1130. Calculate the greatest common factor of 3042 and d.
78
Suppose -3*l - 5*q - 2 - 6 = 0, 2*q = 5*l - 28. Let a be l/(-18) + (-188)/(-36). What is the highest common divisor of a and 2?
1
Let l be (-454)/(-14) + (-6)/14. Let t = l - 23. Let i be (-3)/(3/3)*-3. Calculate the greatest common divisor of i and t.
9
Let g = 2305 + -2300. What is the highest common divisor of g and 4640?
5
Let p be 15210/95 + (-92)/874. What is the highest common factor of p and 1480?
40
Let w(r) = 14*r**2 - r - 2. Let t be w(1). Let i = t - -259. Calculate the highest common factor of i and 20.
10
Let b(s) = -168*s - 7095. Let c be b(-43). What is the greatest common factor of 4773 and c?
129
Let c be (-1)/(5/(-132)) + (-216)/(-360). Let o = -266 - -509. Calculate the greatest common factor of o and c.
27
Let x(m) = -m**2 + 9*m - 5. Let g be x(8). Suppose g*b = 5*r - 27 - 23, 5*b = -25. What is the greatest common divisor of 91 and r?
7
Let m be 2/1 - (1 + -35). Let s = m - 34. Let w be (-8)/14*(-7)/s. Calculate the greatest common divisor of w and 6.
2
Let b(k) = -k**3 - 38*k**2 - 69*k + 372. Let d be b(-36). What is the greatest common divisor of d and 121?
11
Let a be (14/4)/(4/336). Let b(k) = -2*k**3 - 32*k**2 - 41*k - 109. Let l be b(-15). What is the greatest common factor of a and l?
14
Let r(u) = u**3 + 40. Let s be r(0). Let i be 56/42*6/4. Suppose 128 = b - 2*w, 236 = i*b - 5*w + 6*w. What is the highest common divisor of b and s?
40
Let l = -150 + 161. Suppose -l*k + 153 + 56 = 0. What is the highest common divisor of k and 38?
19
Let w = 562 - 598. Let i be 6615/(-28)*w/9. Calculate the greatest common divisor of i and 105.
105
Let l(t) = -87*t + 1228. Let c be l(14). Calculate the highest common divisor of 515 